{"id":40,"date":"2016-06-13T21:36:32","date_gmt":"2016-06-13T21:36:32","guid":{"rendered":"http:\/\/new.diezer-tsk-oranien.de\/?page_id=40"},"modified":"2023-01-03T10:23:18","modified_gmt":"2023-01-03T08:23:18","slug":"volleyball","status":"publish","type":"page","link":"https:\/\/www.diezer-tsk-oranien.de\/?page_id=40","title":{"rendered":"Volleyball"},"content":{"rendered":"\n<h2 class=\"wp-block-heading\">Trainingszeiten<\/h2>\n\n\n\n<p><strong>Dienstag<\/strong><\/p>\n\n\n\n<p>20.00 bis 22.00 Uhr mit Andreas Pfaff<\/p>\n\n\n\n<p><strong>Donnerstag<\/strong><\/p>\n\n\n\n<p>20.00 bis 22.00 Uhr mit Andreas Pfaff<\/p>\n\n\n\n<p>Die Training der Volleyballabteilung finden in der Sporthalle der <a href=\"http:\/\/new.diezer-tsk-oranien.de\/?page_id=141\">Karl von Ibell Schule Diez<\/a> statt.<\/p>\n\n\n\n<h2 class=\"wp-block-heading\">Abteilungsleiter<\/h2>\n\n\n\n<p>Jan Gonschorek, Zeppelinstr. 31, 65549 Limburg<\/p>\n\n\n\n<p>Tel.: 06431 4038744<br>E-Mail : <a href=\"mailto:volleyball@diezer-tsk-oranien.de\">volleyball@diezer-tsk-oranien.de<\/a><br>Abteilungs Internetseite : <a href=\"http:\/\/www.volleyball-diez.de\" target=\"_blank\" rel=\"noopener noreferrer\">www.volleyball-diez.de<\/a><\/p>\n\n\n\n<p><\/p>\n\n\n\n<h2 class=\"wp-block-heading\">Wir \u00fcber uns<\/h2>\n\n\n\n<p>Wir sind eine Volleyball-Mixed-Gruppe (Frauen und M\u00e4nner) im Alter von 18 bis 46 Jahren. Die Schwerpunkte im Training liegen in der Steigerung unserer technischen, taktischen und athletischen F\u00e4higkeiten. Damit wir Ge\u00fcbtes und neu Gelerntes auf dem Feld anwenden k\u00f6nnen wird das letzte Drittel im Training gespielt. Dabei haben unsere Mannschaften, die in der Rheinlandrunde mitspielen, Vorrang. Neben unserem leistungsorientierten Anspruch soll nat\u00fcrlich der Spa\u00df nicht zu kurz kommen. Bei uns wird geschwitzt, gelacht, geflucht und donnerstags nach dem Training manchmal gefeiert.<\/p>\n\n\n\n<figure class=\"wp-block-image\"><img loading=\"lazy\" decoding=\"async\" width=\"300\" height=\"225\" src=\"http:\/\/new.diezer-tsk-oranien.de\/wp-content\/uploads\/2016\/07\/Team1-300x225.jpg\" alt=\"Team1\" class=\"wp-image-305\" srcset=\"https:\/\/www.diezer-tsk-oranien.de\/wp-content\/uploads\/2016\/07\/Team1.jpg 300w, https:\/\/www.diezer-tsk-oranien.de\/wp-content\/uploads\/2016\/07\/Team1-200x150.jpg 200w\" sizes=\"auto, (max-width: 300px) 100vw, 300px\" \/><\/figure>\n\n\n\n<figure class=\"wp-block-image\"><img loading=\"lazy\" decoding=\"async\" width=\"300\" height=\"225\" src=\"http:\/\/new.diezer-tsk-oranien.de\/wp-content\/uploads\/2016\/07\/Team2-300x225.jpg\" alt=\"Team2\" class=\"wp-image-306\" srcset=\"https:\/\/www.diezer-tsk-oranien.de\/wp-content\/uploads\/2016\/07\/Team2.jpg 300w, https:\/\/www.diezer-tsk-oranien.de\/wp-content\/uploads\/2016\/07\/Team2-200x150.jpg 200w\" sizes=\"auto, (max-width: 300px) 100vw, 300px\" \/><\/figure>\n\n\n\n<p><span style=\"color: #ff0000;\">&nbsp;<\/span><\/p>\n","protected":false},"excerpt":{"rendered":"<p>Trainingszeiten Dienstag 20.00 bis 22.00 Uhr mit Andreas Pfaff Donnerstag 20.00 bis 22.00 Uhr mit Andreas Pfaff Die Training der Volleyballabteilung finden in der Sporthalle der Karl von Ibell Schule Diez statt. Abteilungsleiter Jan Gonschorek, Zeppelinstr. 31, 65549 Limburg Tel.: 06431 4038744E-Mail : volleyball@diezer-tsk-oranien.deAbteilungs Internetseite : www.volleyball-diez.de Wir \u00fcber uns Wir sind eine Volleyball-Mixed-Gruppe (Frauen [&hellip;]<\/p>\n","protected":false},"author":3,"featured_media":0,"parent":9,"menu_order":0,"comment_status":"closed","ping_status":"closed","template":"page-templates\/right-sidebar.php","meta":{"footnotes":""},"class_list":["post-40","page","type-page","status-publish","hentry"],"_links":{"self":[{"href":"https:\/\/www.diezer-tsk-oranien.de\/index.php?rest_route=\/wp\/v2\/pages\/40","targetHints":{"allow":["GET"]}}],"collection":[{"href":"https:\/\/www.diezer-tsk-oranien.de\/index.php?rest_route=\/wp\/v2\/pages"}],"about":[{"href":"https:\/\/www.diezer-tsk-oranien.de\/index.php?rest_route=\/wp\/v2\/types\/page"}],"author":[{"embeddable":true,"href":"https:\/\/www.diezer-tsk-oranien.de\/index.php?rest_route=\/wp\/v2\/users\/3"}],"replies":[{"embeddable":true,"href":"https:\/\/www.diezer-tsk-oranien.de\/index.php?rest_route=%2Fwp%2Fv2%2Fcomments&post=40"}],"version-history":[{"count":24,"href":"https:\/\/www.diezer-tsk-oranien.de\/index.php?rest_route=\/wp\/v2\/pages\/40\/revisions"}],"predecessor-version":[{"id":1681,"href":"https:\/\/www.diezer-tsk-oranien.de\/index.php?rest_route=\/wp\/v2\/pages\/40\/revisions\/1681"}],"up":[{"embeddable":true,"href":"https:\/\/www.diezer-tsk-oranien.de\/index.php?rest_route=\/wp\/v2\/pages\/9"}],"wp:attachment":[{"href":"https:\/\/www.diezer-tsk-oranien.de\/index.php?rest_route=%2Fwp%2Fv2%2Fmedia&parent=40"}],"curies":[{"name":"wp","href":"https:\/\/api.w.org\/{rel}","templated":true}]}}