{"id":134,"date":"2016-06-19T17:23:07","date_gmt":"2016-06-19T17:23:07","guid":{"rendered":"http:\/\/new.diezer-tsk-oranien.de\/?page_id=134"},"modified":"2023-01-03T10:21:57","modified_gmt":"2023-01-03T08:21:57","slug":"gymnastik-seniorensport","status":"publish","type":"page","link":"https:\/\/www.diezer-tsk-oranien.de\/?page_id=134","title":{"rendered":"Seniorensport"},"content":{"rendered":"<h2>Trainingszeiten<\/h2>\n<p><strong>Frauengymnastik 60 + <\/strong><\/p>\n<p>Montags 19.00 &#8211; 20.00 Uhr mit Nicole Bender 06486 911289<\/p>\n<p>Turnhalle der<a href=\"http:\/\/new.diezer-tsk-oranien.de\/?page_id=141\"> Zentrale Sportanlage Diez<\/a><\/p>\n<p><strong>Seniorentanz<\/strong><\/p>\n<p>Donnerstags 16.30 \u2013 18.00 Uhr mit Doris H\u00e4nsel 06432 2598<\/p>\n<p>Turnhalle der <a href=\"http:\/\/new.diezer-tsk-oranien.de\/?page_id=141\">Karl von Ibell Schule<\/a><\/p>\n<h2>Abteilungsleiterin<\/h2>\n<p>Nicole Bender<\/p>\n<p>Akazienweg 16<\/p>\n<p>56370 Sch\u00f6nborn<\/p>\n<p>Tel: 06486\/911289<\/p>\n<p>E-Mail.: <a href=\"mailto:seniorensport@diezer-tsk-oranien.de\">seniorensport@diezer-tsk-oranien.de<\/a><\/p>\n<h2>Wir \u00fcber uns<\/h2>\n<p><strong>Seniorentanz<\/strong><\/p>\n<p>Tanzen bringt den Kreislauf in Schwung, st\u00e4rkt die Gelenke, erh\u00e4lt die k\u00f6rperliche und geistige Fitness und<br \/>\nf\u00f6rdert das Wohlbefinden. T\u00e4nzerinnen aus Diez, Altendiez, Fachingen, Isselbach, Eppenrod, Ettersdorf und G\u00fcckingen nehmen das Angebot an T\u00e4nzen jeder Art &#8211; in seniorengerechter Form &#8211; gerne an. Auch T\u00e4nze im Sitzen und historische T\u00e4nze werden gerne getanzt. Weitere Teilnehmer(innen) sind uns jederzeit willkommen.<\/p>\n","protected":false},"excerpt":{"rendered":"<p>Trainingszeiten Frauengymnastik 60 + Montags 19.00 &#8211; 20.00 Uhr mit Nicole Bender 06486 911289 Turnhalle der Zentrale Sportanlage Diez Seniorentanz Donnerstags 16.30 \u2013 18.00 Uhr mit Doris H\u00e4nsel 06432 2598 Turnhalle der Karl von Ibell Schule Abteilungsleiterin Nicole Bender Akazienweg 16 56370 Sch\u00f6nborn Tel: 06486\/911289 E-Mail.: seniorensport@diezer-tsk-oranien.de Wir \u00fcber uns Seniorentanz Tanzen bringt den Kreislauf [&hellip;]<\/p>\n","protected":false},"author":3,"featured_media":0,"parent":9,"menu_order":0,"comment_status":"closed","ping_status":"closed","template":"page-templates\/right-sidebar.php","meta":{"footnotes":""},"class_list":["post-134","page","type-page","status-publish","hentry"],"_links":{"self":[{"href":"https:\/\/www.diezer-tsk-oranien.de\/index.php?rest_route=\/wp\/v2\/pages\/134","targetHints":{"allow":["GET"]}}],"collection":[{"href":"https:\/\/www.diezer-tsk-oranien.de\/index.php?rest_route=\/wp\/v2\/pages"}],"about":[{"href":"https:\/\/www.diezer-tsk-oranien.de\/index.php?rest_route=\/wp\/v2\/types\/page"}],"author":[{"embeddable":true,"href":"https:\/\/www.diezer-tsk-oranien.de\/index.php?rest_route=\/wp\/v2\/users\/3"}],"replies":[{"embeddable":true,"href":"https:\/\/www.diezer-tsk-oranien.de\/index.php?rest_route=%2Fwp%2Fv2%2Fcomments&post=134"}],"version-history":[{"count":20,"href":"https:\/\/www.diezer-tsk-oranien.de\/index.php?rest_route=\/wp\/v2\/pages\/134\/revisions"}],"predecessor-version":[{"id":1679,"href":"https:\/\/www.diezer-tsk-oranien.de\/index.php?rest_route=\/wp\/v2\/pages\/134\/revisions\/1679"}],"up":[{"embeddable":true,"href":"https:\/\/www.diezer-tsk-oranien.de\/index.php?rest_route=\/wp\/v2\/pages\/9"}],"wp:attachment":[{"href":"https:\/\/www.diezer-tsk-oranien.de\/index.php?rest_route=%2Fwp%2Fv2%2Fmedia&parent=134"}],"curies":[{"name":"wp","href":"https:\/\/api.w.org\/{rel}","templated":true}]}}